{"id":289,"date":"2020-11-13T10:20:41","date_gmt":"2020-11-13T09:20:41","guid":{"rendered":"https:\/\/avocats-ap.fr\/?page_id=289"},"modified":"2020-11-27T15:29:32","modified_gmt":"2020-11-27T14:29:32","slug":"honoraires","status":"publish","type":"page","link":"https:\/\/avocats-ap.fr\/?page_id=289","title":{"rendered":"Honoraires"},"content":{"rendered":"\r\n<p>Les honoraires sont librement d\u00e9termin\u00e9s d\u2019un commun accord entre l&rsquo;Avocat et son client. Le montant et modalit\u00e9s de r\u00e8glement des honoraires donnent lieu \u00e0 la r\u00e9daction d\u2019une convention d\u2019honoraires, qui pr\u00e9voit le montant et les modalit\u00e9s de r\u00e9mun\u00e9ration de l\u2019Avocat.<\/p>\r\n\r\n\r\n\r\n<p>LE CO\u00dbT :<\/p>\r\n\r\n\r\n\r\n<p>Lors de la premi\u00e8re consultation, une estimation de nos honoraires est r\u00e9alis\u00e9e. Ce rendez-vous donne lieu \u00e0 la perception d\u2019un honoraire de consultation de 100 \u20ac HT, qui est inclus dans le forfait propos\u00e9 par l\u2019Avocat de mani\u00e8re \u00e0 en \u00eatre d\u00e9duit en cas d\u2019ouverture de dossier.<\/p>\r\n\r\n\r\n\r\n<p>Notre cabinet s&rsquo;efforce de conjuguer les imp\u00e9ratifs li\u00e9s \u00e0 ses charges avec le principe de mod\u00e9ration qu\u2019il s\u2019applique afin de demeurer pertinent et juste.<\/p>\r\n\r\n\r\n\r\n<p>Il existe diff\u00e9rents modes de fixation des honoraires. Par souci de transparence, l&rsquo;honoraire forfaitaire est notre standard, de mani\u00e8re \u00e0 ce que le client sache exactement combien lui co\u00fbtera le recours aux services du Cabinet.<\/p>\r\n\r\n\r\n\r\n<p>Le montant de ce forfait tient compte de la difficult\u00e9 de l\u2019affaire, du temps pass\u00e9, des frais pr\u00e9visibles qui seront expos\u00e9s par le Cabinet ou encore du gain qui pourra \u00eatre retir\u00e9 de cette proc\u00e9dure par le client. Les factures sont \u00e9tablies au fur et \u00e0 mesure de l\u2019accomplissement des diligences.<\/p>\r\n\r\n\r\n\r\n<p>Selon le d\u00e9roulement du dossier, le tarif peut \u00eatre modul\u00e9, dans le stricte respect des termes de la convention d\u2019honoraires, si l\u2019affaire devait induire des diligences suppl\u00e9mentaires non pr\u00e9visibles initialement (contre-expertises, intervention d&rsquo;autres parties, d\u00e9placements suppl\u00e9mentaires, etc). Un honoraire suppl\u00e9mentaire pourrait alors \u00eatre sollicit\u00e9 par l\u2019Avocat, toujours avec l&rsquo;accord du client et dans le respect des termes de la convention d\u2019honoraire sign\u00e9e.<\/p>\r\n\r\n\r\n\r\n<p>MOYENS DE PAIEMENT ACCEPT\u00c9S :<\/p>\r\n\r\n\r\n\r\n<ul class=\"wp-block-list\">\r\n<li>Ch\u00e8que<\/li>\r\n<li>Virement bancaire<\/li>\r\n<\/ul>\r\n\r\n\r\n\r\n<p>PROVISION SUR HONORAIRES :<\/p>\r\n\r\n\r\n\r\n<p>Une provision sur honoraires est demand\u00e9e avant l\u2019accomplissement des diligences, afin de couvrir les charges et frais inh\u00e9rents \u00e0 l&rsquo;ouverture d&rsquo;un dossier au sein du Cabinet.<\/p>\r\n\r\n\r\n\r\n<p>AIDE JURIDICTIONNELLE :<\/p>\r\n\r\n\r\n\r\n<p>L&rsquo;aide juridictionnelle est une aide financi\u00e8re accord\u00e9e par l\u2019Etat sous conditions de ressources, \u00e0 des personnes physiques devant faire face \u00e0 des d\u00e9penses occasionn\u00e9es par une action en justice. Elle permet de ce fait une prise en charge par l\u2019Etat des honoraires et frais de justice. Le dossier de demande d\u2019aide juridictionnelle peut \u00eatre retir\u00e9 \u00e0 l\u2019accueil du Tribunal Judiciaire. Cette aide peut concerner une prise en charge totale ou partielle, selon les bar\u00e8mes appliqu\u00e9s et red\u00e9finis annuellement. A titre indicatif, au 1er janvier 2013, le plafond d\u2019admission des ressources pour b\u00e9n\u00e9ficier de l\u2019aide juridictionnelle totale \u00e9tait fix\u00e9 \u00e0 929 \u20ac. Cette aide ne concerne que les proc\u00e9dures judiciaires \u00e0 l\u2019exclusion de toute autre situation\u00a0: elle n\u2019a pas vocation \u00e0 s\u2019appliquer en dehors de la saisine d\u2019une juridiction (accord amiable, consultation, Expertise, r\u00e9daction d\u2019acte, etc) Le cabinet se r\u00e9serve la possibilit\u00e9 d\u2019accepter ou de refuser d\u2019intervenir au b\u00e9n\u00e9fice de l\u2019aide juridictionnelle, au cas par cas.<\/p>\r\n\r\n\r\n\r\n<p>ASSURANCE DE PROTECTION JURIDIQUE :<\/p>\r\n\r\n\r\n\r\n<p>Le montant des honoraires est \u00e9galement susceptible d\u2019\u00eatre couvert en tout ou partie par une assurance de protection juridique. Si vous b\u00e9n\u00e9ficiez d\u2019une telle assurance, vous \u00eates invit\u00e9 \u00e0 en faire part \u00e0 l\u2019Avocat d\u00e8s la premi\u00e8re consultation et \u00e0 lui communiquer le nom et les coordonn\u00e9es de votre assureur, ainsi que les r\u00e9f\u00e9rences du contrat. Selon les dispositions du contrat d\u2019assurance, la Compagnie remboursera \u00e0 l\u2019assur\u00e9 les honoraires r\u00e9gl\u00e9s ou proc\u00e9dera directement \u00e0 leur paiement aupr\u00e8s de l\u2019Avocat, dans la limite de son bar\u00e8me d\u2019intervention, annex\u00e9 au contrat d\u2019assurance.<\/p>\r\n<div id=\"1356694394\" class=\"dmRespRow u_1356694394\">\r\n<div id=\"1426832215\" class=\"dmRespColsWrapper\">\r\n<div id=\"1171415836\" class=\"dmRespCol small-12 u_1171415836 medium-12 large-12\">\r\n<p>Article L444-4 du Code de commerce:<\/p>\r\n<div id=\"1032314224\" class=\"u_1032314224 dmDividerWrapper clearfix\" data-element-type=\"dDividerId\" data-layout=\"divider-style-1\" data-widget-version=\"2\">\u00a0<\/div>\r\n<div id=\"1409098038\" class=\"u_1409098038 dmNewParagraph\" data-dmtmpl=\"true\" data-element-type=\"paragraph\" data-uialign=\"left\">\r\n<div><em>\u00ab Les commissaires-priseurs judiciaires, les greffiers de tribunal de commerce, les huissiers de justice, les administrateurs judiciaires, les mandataires judiciaires, les personnes mentionn\u00e9es au deuxi\u00e8me alin\u00e9a de l&rsquo;article L. 811-2 et au premier alin\u00e9a du II de l&rsquo;article L. 812-2, les avocats pour les droits et \u00e9moluments mentionn\u00e9s au premier alin\u00e9a de l&rsquo;article L. 444-1 du pr\u00e9sent code et les notaires affichent les tarifs qu&rsquo;ils pratiquent, de mani\u00e8re visible et lisible, dans leur lieu d&rsquo;exercice et sur leur site internet, selon des modalit\u00e9s fix\u00e9es dans les conditions pr\u00e9vues au premier alin\u00e9a de l&rsquo;article L. 113-3 du code de la consommation. \u00bb<\/em><\/div>\r\n<div>\u00a0<\/div>\r\n<div><em>\u00ab Sont r\u00e9gis par le pr\u00e9sent titre les tarifs r\u00e9glement\u00e9s applicables aux prestations des commissaires-priseurs judiciaires, des greffiers de tribunal de commerce, des huissiers de justice, des administrateurs judiciaires, des mandataires judiciaires et des notaires. Sont \u00e9galement r\u00e9gis par le pr\u00e9sent titre les droits et \u00e9moluments de l&rsquo;avocat en mati\u00e8re de saisie immobili\u00e8re, de partage, de licitation et de s\u00fbret\u00e9 judiciaire mentionn\u00e9s \u00e0 l&rsquo;article 10 de la loi n\u00b0 71-1130 du 31 d\u00e9cembre 1971 portant r\u00e9forme de certaines professions judiciaires et juridiques<\/em><\/div>\r\n<\/div>\r\n<\/div>\r\n<\/div>\r\n<\/div>\r\n<div id=\"1916120059\" class=\"dmRespRow u_1916120059 mobile-columns-reversed\">\r\n<div id=\"1289241350\" class=\"dmRespColsWrapper\">\r\n<div id=\"1526918377\" class=\"dmRespCol small-12 u_1526918377 medium-12 large-12\">\r\n<div id=\"1591616340\" class=\"u_1591616340 dmNewParagraph\" data-dmtmpl=\"true\" data-element-type=\"paragraph\" data-uialign=\"left\">\r\n<div><em>Sauf disposition contraire, lorsqu&rsquo;un professionnel mentionn\u00e9 au premier alin\u00e9a du pr\u00e9sent<\/em><\/div>\r\n<div><em>article est autoris\u00e9 \u00e0 exercer une activit\u00e9 dont la r\u00e9mun\u00e9ration est soumise \u00e0 un tarif propre \u00e0 une autre cat\u00e9gorie d&rsquo;auxiliaire de justice ou d&rsquo;officier public ou minist\u00e9riel, sa r\u00e9mun\u00e9ration est arr\u00eat\u00e9e conform\u00e9ment aux r\u00e8gles dudit tarif. Les prestations accomplies par les personnes mentionn\u00e9es au deuxi\u00e8me alin\u00e9a de l&rsquo;article L. 811-2 et au premier alin\u00e9a du II de l&rsquo;article L. 812-2 sont r\u00e9mun\u00e9r\u00e9es conform\u00e9ment aux tarifs r\u00e9glement\u00e9s applicables aux administrateurs et mandataires judiciaires.<\/em><\/div>\r\n<div>\u00a0<\/div>\r\n<div><em>Sauf disposition contraire, les prestations que les professionnels mentionn\u00e9s au premier alin\u00e9a du pr\u00e9sent article accomplissent en concurrence avec celles, non soumises \u00e0 un tarif, d&rsquo;autres professionnels ne sont pas soumises \u00e0 un tarif r\u00e9glement\u00e9. Les honoraires r\u00e9mun\u00e9rant ces prestations tiennent compte, selon les usages, de la situation de fortune du client, de la difficult\u00e9 de l&rsquo;affaire, des frais expos\u00e9s par les professionnels concern\u00e9s, de leur notori\u00e9t\u00e9 et des diligences de ceux-ci. Les professionnels concern\u00e9s concluent par \u00e9crit avec leur client une convention d&rsquo;honoraires, qui pr\u00e9cise, notamment, le montant ou le mode de d\u00e9termination des honoraires couvrant les diligences pr\u00e9visibles, ainsi que les divers frais et d\u00e9bours envisag\u00e9s. \u00bb<\/em><\/div>\r\n<div>\u00a0<\/div>\r\n<div>Les droits et \u00e9moluments de l&rsquo;avocat en mati\u00e8re de saisie immobili\u00e8re, de partage, de licitation et de s\u00fbret\u00e9 judiciaire sont fix\u00e9s par arr\u00eat\u00e9 du 6 juillet 2017<\/div>\r\n<div>(https:\/\/www.legifrance.gouv.fr\/affichTexte.do?cidTexte=JORFTEXT000035185670&amp;categorieLien=id)<\/div>\r\n<div>Dispense de d\u00e9claration \u00e0 la CNIL : Conform\u00e9ment \u00e0 la d\u00e9lib\u00e9ration n\u00b0 2006-138 du 9 mai 2006 de la CNIL, d\u00e9cidant de la dispense de d\u00e9claration des traitements constitu\u00e9s \u00e0 des fins d&rsquo;information ou de communication externe, le pr\u00e9sent site n&rsquo;a pas fait l&rsquo;objet de d\u00e9claration pr\u00e9alable \u00e0 la CNIL.<\/div>\r\n<\/div>\r\n<\/div>\r\n<\/div>\r\n<\/div>\r\n","protected":false},"excerpt":{"rendered":"<p>Les honoraires sont librement d\u00e9termin\u00e9s d\u2019un commun accord entre l&rsquo;Avocat et son client. Le montant et modalit\u00e9s de r\u00e8glement des honoraires donnent lieu \u00e0 la r\u00e9daction d\u2019une convention d\u2019honoraires, qui pr\u00e9voit le montant et les modalit\u00e9s de r\u00e9mun\u00e9ration de l\u2019Avocat. LE CO\u00dbT : Lors de la premi\u00e8re consultation, une estimation de nos honoraires est r\u00e9alis\u00e9e. [&hellip;]<\/p>\n","protected":false},"author":1,"featured_media":0,"parent":0,"menu_order":0,"comment_status":"closed","ping_status":"closed","template":"","meta":{"footnotes":""},"class_list":["post-289","page","type-page","status-publish","hentry"],"_links":{"self":[{"href":"https:\/\/avocats-ap.fr\/index.php?rest_route=\/wp\/v2\/pages\/289","targetHints":{"allow":["GET"]}}],"collection":[{"href":"https:\/\/avocats-ap.fr\/index.php?rest_route=\/wp\/v2\/pages"}],"about":[{"href":"https:\/\/avocats-ap.fr\/index.php?rest_route=\/wp\/v2\/types\/page"}],"author":[{"embeddable":true,"href":"https:\/\/avocats-ap.fr\/index.php?rest_route=\/wp\/v2\/users\/1"}],"replies":[{"embeddable":true,"href":"https:\/\/avocats-ap.fr\/index.php?rest_route=%2Fwp%2Fv2%2Fcomments&post=289"}],"version-history":[{"count":7,"href":"https:\/\/avocats-ap.fr\/index.php?rest_route=\/wp\/v2\/pages\/289\/revisions"}],"predecessor-version":[{"id":383,"href":"https:\/\/avocats-ap.fr\/index.php?rest_route=\/wp\/v2\/pages\/289\/revisions\/383"}],"wp:attachment":[{"href":"https:\/\/avocats-ap.fr\/index.php?rest_route=%2Fwp%2Fv2%2Fmedia&parent=289"}],"curies":[{"name":"wp","href":"https:\/\/api.w.org\/{rel}","templated":true}]}}