{"id":327,"date":"2020-11-13T11:41:26","date_gmt":"2020-11-13T10:41:26","guid":{"rendered":"https:\/\/avocats-ap.fr\/?page_id=327"},"modified":"2020-12-08T10:32:33","modified_gmt":"2020-12-08T09:32:33","slug":"liens-externes","status":"publish","type":"page","link":"https:\/\/avocats-ap.fr\/?page_id=327","title":{"rendered":"Liens"},"content":{"rendered":"\r\n<p>Ces liens vers des sites externes vous apporterons des informations utiles :<\/p>\r\n\r\n\r\n\r\n<p>LEGIFRANCE &#8211; service public de la diffusion du droit &#8211; <a href=\"https:\/\/www.legifrance.gouv.fr\/\">https:\/\/www.legifrance.gouv.fr\/<\/a><\/p>\r\n\r\n\r\n\r\n\r\n\r\n<p>GEOPORTAIL &#8211; le portail du territoire mis en \u0153uvre par l&rsquo;IGN &#8211; <a href=\"https:\/\/www.geoportail.gouv.fr\/\">https:\/\/www.geoportail.gouv.fr<\/a><\/p>\r\n\r\n\r\n\r\n\r\n\r\n<p>SMASH &#8211; logiciel fran\u00e7ais d&rsquo;envoi de fichiers lourds &#8211;\u00a0<a href=\"https:\/\/fromsmash.com\/\">https:\/\/fromsmash.com\/<\/a><\/p>\r\n<p>LIFESIZE &#8211; service de t\u00e9l\u00e9conf\u00e9rence &#8211; <a href=\"https:\/\/webapp.lifesize.com\">https:\/\/webapp.lifesize.com\/<\/a><\/p>\r\n","protected":false},"excerpt":{"rendered":"<p>Ces liens vers des sites externes vous apporterons des informations utiles : LEGIFRANCE &#8211; service public de la diffusion du droit &#8211; https:\/\/www.legifrance.gouv.fr\/ GEOPORTAIL &#8211; le portail du territoire mis en \u0153uvre par l&rsquo;IGN &#8211; https:\/\/www.geoportail.gouv.fr SMASH &#8211; logiciel fran\u00e7ais d&rsquo;envoi de fichiers lourds &#8211;\u00a0https:\/\/fromsmash.com\/ LIFESIZE &#8211; service de t\u00e9l\u00e9conf\u00e9rence &#8211; https:\/\/webapp.lifesize.com\/<\/p>\n","protected":false},"author":1,"featured_media":0,"parent":0,"menu_order":0,"comment_status":"closed","ping_status":"closed","template":"","meta":{"footnotes":""},"class_list":["post-327","page","type-page","status-publish","hentry"],"_links":{"self":[{"href":"https:\/\/avocats-ap.fr\/index.php?rest_route=\/wp\/v2\/pages\/327","targetHints":{"allow":["GET"]}}],"collection":[{"href":"https:\/\/avocats-ap.fr\/index.php?rest_route=\/wp\/v2\/pages"}],"about":[{"href":"https:\/\/avocats-ap.fr\/index.php?rest_route=\/wp\/v2\/types\/page"}],"author":[{"embeddable":true,"href":"https:\/\/avocats-ap.fr\/index.php?rest_route=\/wp\/v2\/users\/1"}],"replies":[{"embeddable":true,"href":"https:\/\/avocats-ap.fr\/index.php?rest_route=%2Fwp%2Fv2%2Fcomments&post=327"}],"version-history":[{"count":10,"href":"https:\/\/avocats-ap.fr\/index.php?rest_route=\/wp\/v2\/pages\/327\/revisions"}],"predecessor-version":[{"id":390,"href":"https:\/\/avocats-ap.fr\/index.php?rest_route=\/wp\/v2\/pages\/327\/revisions\/390"}],"wp:attachment":[{"href":"https:\/\/avocats-ap.fr\/index.php?rest_route=%2Fwp%2Fv2%2Fmedia&parent=327"}],"curies":[{"name":"wp","href":"https:\/\/api.w.org\/{rel}","templated":true}]}}